 is divided by m?
2
Suppose 4*q - y - 1097 = -q, 0 = q + 5*y - 209. Calculate the remainder when q is divided by 17.
15
Let k(u) = 2*u**2 - 75*u + 217. Let c be (6/(-3))/((-2)/4). Calculate the remainder when (2/c)/((-1)/(-74)) is divided by k(3).
7
Let p = -39 - -48. Let x(w) = 5*w - 3*w + 15*w. Calculate the remainder when x(2) is divided by p.
7
Let q = -836 + 851. What is the remainder when 74 is divided by q?
14
What is the remainder when 36 is divided by (5 - ((2 - 6) + 14))*-1?
1
Let v(b) = 2*b**2 - 5*b - 1. Let g(u) = -2*u**2 + 39*u + 172. Calculate the remainder when v(-4) is divided by g(23).
7
Let u(m) = -29*m + 5. Let t(c) = 6*c - 1. Let o(g) = 11*t(g) + 2*u(g). Let y = -6 + 11. Calculate the remainder when o(y) is divided by 14.
11
Suppose 37 = 3*z - 5. Suppose 3*y - 110 = -7*y. What is the remainder when z is divided by y?
3
Suppose x - j - 8 = 0, 0 = -4*x + 7*j - 9*j + 32. Calculate the remainder when 57 is divided by x.
1
Let a = 1192 - 1159. Calculate the remainder when 165 is divided by a.
0
Let u be (30/(-5))/(2/4). Suppose 2*n + 3*n + 3*m = 47, -n = 4*m - 6. Calculate the remainder when 51*(-1 - 16/u) is divided by n.
7
Let p(h) = 31*h**2 - 4*h - 3. Let o be -3 - (3 - (8 + -2) - -1). Suppose 0 = -5*q + q + 68. What is the remainder when p(o) is divided by q?
15
Let g be (-3 - (-2 - 0)) + 4 + -8. Let d = g + 12. Calculate the remainder when 25 is divided by d.
4
Suppose -4*v + 3*m - 53 = 0, 2*v + 7 + 21 = 2*m. Suppose -q + 4*q - 117 = 0. Calculate the remainder when q is divided by (v + 10)/(1/(-10)).
9
Suppose -z + 6 = 1. Let f be 15/5 + (-423)/(-3). Suppose 146 = 5*l - z*m - f, -4*l - 5*m = -214. What is the remainder when l is divided by 19?
18
Suppose -6 = -s + 20. Suppose -q + 0*y - 18 = 3*y, 3*q = 5*y - s. Let m = 19 + q. Calculate the remainder when 13 is divided by m.
6
Suppose -194 - 179 = -2*r + 5*d, -3*r = -2*d - 543. What is the remainder when r is divided by (-5 - -7)*5*(-9)/(-2)?
44
Suppose -4*k + 98 = 30. What is the remainder when 648/10 - (-1)/5 is divided by k?
14
Let s = -38 + 53. Suppose 0 = -f - 2*p + 30, f - 4*p + 34 = 2*f. Calculate the remainder when f is divided by s.
11
Let j(f) = f**2 - 9*f + 5. Let a(y) = y - 1. Let q(x) = -a(x) - j(x). Suppose 8 + 4 = -3*r, -5*r = w + 15. What is the remainder when 32 is divided by q(w)?
10
Let v(a) = -304*a - 1437. What is the remainder when v(-5) is divided by (-149)/(-7) + 2/(-7)?
20
Let j = 74 - 44. Let c(b) = -3*b**3 - 6*b**2 - 5*b + 1. What is the remainder when c(-4) is divided by j?
27
Let i = -45 - -115. Suppose o + 4*u = 58, 2*o + 5*u - 37 - i = 0. What is the remainder when 273 is divided by o?
43
Let r(h) = h**3 + 7*h**2 + 4*h + 4. Let f = 21 + -27. What is the remainder when 61 is divided by r(f)?
13
Let b(q) = -2*q**2 + 20*q + 51. Calculate the remainder when 99 is divided by b(10).
48
What is the remainder when 49 is divided by 0 + 2 + (-14)/(-2) - -1?
9
Let z(v) = 3*v - 11. Let t be (6 + -2)*18/12. What is the remainder when 40 is divided by z(t)?
5
Let j(f) = -f + 9. Let a be j(-7). Let y be (7 - 4)*(a + 2). Suppose 16 + y = 5*p. What is the remainder when p is divided by 8?
6
Suppose 10*v - 6*v - 72 = 0. What is the remainder when 21 is divided by v?
3
Let v = -2182 + 2217. What is the remainder when 67 is divided by v?
32
Let o = 53 - 44. Suppose -a = -3, z = -4*a + 17 + 13. What is the remainder when o is divided by (0 + z)*7/21?
3
Suppose 5 = 2*i - y - 0, 5*y = 5. What is the remainder when 11 is divided by i - (-3)/(5/(-2) + 3)?
2
Let w(s) = -40*s + 20. Let b be w(-3). Suppose 80 = 4*j - b. What is the remainder when j is divided by 19?
17
Let v be 9/6*(-4)/3. Let a(c) = -3*c + 1. Calculate the remainder when a(v) is divided by (1 + -2 + 0)*(-4 + 1).
1
Suppose 2*i = 7*i + a - 18, 5*i = 3*a + 26. Suppose -i*p = 3*p - 406. What is the remainder when p is divided by 10?
8
Suppose -447*j + 332*j + 987 = -2808. Let x be 1 + (-6)/(1 + -3). Suppose -44 = -4*u - x*n, 3*n + 3 = -0*n. Calculate the remainder when j is divided by u.
9
Suppose 6*k + 3*o - 246 = 3*k, 4*k = -5*o + 326. Suppose i + 6 = -g + 31, 3*i = g - 41. What is the remainder when k is divided by g?
26
Let i be 7*(15/(-21) + (-1 - -2)). Suppose 0 = 2*n + i*a - 7 - 5, -58 = -5*n + 2*a. What is the remainder when n is divided by 3?
1
Let d = -40 - -51. What is the remainder when d*(8 + (4 + -3 - 4)) is divided by 20?
15
Suppose 7 + 2 = 3*t. Suppose 0 = 3*l - 4*y - y - 10, 7 = 2*l - t*y. What is the remainder when l is divided by 3?
2
Let c = 110 - 109. Calculate the remainder when -3*(c + (-4 - 44)) is divided by 16.
13
Let x(l) = l**3 - 7*l**2 + 9. Let w be x(7). Let t(g) = 3*g**2 - 23*g + 8. Calculate the remainder when t(w) is divided by (1/(-1) + 0)*-15.
14
Let i = 471 - 402. Calculate the remainder when 343 is divided by i.
67
Let k = 11 - 18. Let x = -3 - k. Suppose -20 = -x*s + 24. What is the remainder when 21 is divided by s?
10
Suppose -5*o - 2*t + 192 = -0*o, 3*t - 108 = -3*o. Calculate the remainder when o is divided by 28.
12
Let o = 1546 + -1528. Calculate the remainder when 76 is divided by o.
4
Suppose m - 5*x - 6 = 5, 0 = -5*m + 3*x + 77. Calculate the remainder when 35 is divided by m.
3
Let d = -29 - -34. Suppose 0*t - t + 20 = d*y, -35 = -5*y - 4*t. What is the remainder when 5 is divided by y?
2
Suppose 3*a - 3*z - 318 = 0, 21*a + 4*z + 118 = 22*a. Calculate the remainder when a is divided by 55.
47
Calculate the remainder when (494/52)/((-1)/(-2)) is divided by 1/(-4)*-10*2.
4
Let d(j) = j**3 + 14*j**2 - 3*j - 38. Let z be d(-14). Calculate the remainder when 31 is divided by (-2)/((-7)/(-4) - (z + -2)).
7
Let n = 61 + -209. Calculate the remainder when (15/10)/((-2)/(-4)) - n is divided by 14.
11
Suppose -4 = n, -5*t - 2*n + 44 + 38 = 0. What is the remainder when 233 is divided by t?
17
Suppose 42 = 8*t - 134. Calculate the remainder when 65 is divided by t.
21
Let a(g) = -18*g + 82. What is the remainder when 80 is divided by a(3)?
24
Suppose 373 = 4*j + 5*z, -7*z + 11*z + 400 = 4*j. Let a be (6/9)/(4/6). What is the remainder when j is divided by a + -2 + 13*2?
22
Suppose y = -4*q - 59 + 19, 5*q + 2*y = -53. Calculate the remainder when (6/q)/(4/(-72)) is divided by 7.
5
Let z(c) = 41*c**2 - 11. Let f be z(3). Suppose 2*p = f - 54. Calculate the remainder when p is divided by 31.
28
Let p = 6 + -4. Calculate the remainder when 5/(-10)*p + 27 is divided by 10.
6
Let y(j) = j + 18. Calculate the remainder when 8/9*3*9027/708 is divided by y(0).
16
Let u = 422 + -406. Calculate the remainder when 267 is divided by u.
11
Suppose 28*c - 408 = 24*c + 4*k, 5*c - k = 510. What is the remainder when c is divided by 58?
44
Let z(b) = -b**3 - 5*b**2 + 47*b + 24. Calculate the remainder when 153 is divided by z(-10).
45
Let o(x) = -x**3 - 27*x**2 - 26*x + 9. Calculate the remainder when 34 is divided by o(-26).
7
Suppose 45 = 11*f - 186. Calculate the remainder when 34 is divided by f.
13
Let m(c) = -c**3 + 9*c**2 - 5*c - 7. Let t = 22 - 15. Calculate the remainder when m(t) is divided by 19.
18
Let n(g) = 4*g**2 - g + 1. Let m be n(1). Suppose 8*q = m*q + 24. Let z = 16 - q. Calculate the remainder when 27 is divided by z.
7
Let p be 5 + (-1 - -4)/(-3). Suppose b + 2*u = -3*b + 28, p*b - 20 = 2*u. Suppose 2*z - 9 - 9 = 0. What is the remainder when z is divided by b?
3
Let r(j) = 64*j**2 - j + 1. Let t = 40 + -41. What is the remainder when r(t) is divided by 14?
10
Let w(k) = 3*k**2 + 29*k + 43. What is the remainder when 110 is divided by w(-9)?
10
Let d(h) = -3*h + 18. Let r be d(6). Suppose 0*y + 5*y - 225 = r. What is the remainder when y is divided by 23?
22
Let x = 2636 + -2563. Calculate the remainder when x is divided by 41.
32
Suppose 2*d - 75 = 7*g - 12*g, 5*g = 4*d + 75. Calculate the remainder when 131 is divided by g.
11
Let v(f) = 23*f + 325. What is the remainder when v(-10) is divided by 32?
31
Let q = -45 + 87. What is the remainder when 81 is divided by q?
39
Let c(q) = -5*q + 56. Let p be c(12). Calculate the remainder when ((-138)/p)/((-27)/(-36)) is divided by 16.
14
Let b = 47 - 42. Calculate the remainder when ((-10)/12)/b - 3377/(-66) is divided by 29.
22
Suppose 0 = j - 3*i - 68, 0 = 2*j - i - 25 - 121. Calculate the remainder when 273 is div